{"id":69,"date":"2023-06-14T06:35:38","date_gmt":"2023-06-14T06:35:38","guid":{"rendered":"http:\/\/bocska.hu\/?page_id=69"},"modified":"2023-06-14T06:38:20","modified_gmt":"2023-06-14T06:38:20","slug":"tajekoztato-tamogatasrol","status":"publish","type":"page","link":"http:\/\/bocska.hu\/?page_id=69","title":{"rendered":"T\u00c1J\u00c9KOZTAT\u00d3 T\u00c1MOGAT\u00c1SR\u00d3L"},"content":{"rendered":"<div class=\"wp-block-image\">\n<figure class=\"aligncenter size-full is-resized\"><a href=\"http:\/\/bocska.hu\/wp-content\/uploads\/2021\/04\/image.png\"><img loading=\"lazy\" src=\"http:\/\/bocska.hu\/wp-content\/uploads\/2021\/04\/image.png\" alt=\"\" class=\"wp-image-38\" width=\"190\" height=\"164\"\/><\/a><\/figure><\/div>\n\n\n<p>Iratazonos\u00edt\u00f3: 3365894264<\/p>\n\n\n\n<p>T\u00e1mogatott: Bocska K\u00f6zs\u00e9g \u00d6nkorm\u00e1nyzata<\/p>\n\n\n\n<p>C\u00edm: 8776 Bocska, Bocskai Istv\u00e1n \u00fat 4.<\/p>\n\n\n\n<p>Ad\u00f3sz\u00e1m: 15436612-1-20<\/p>\n\n\n\n<p>MFP azonos\u00edt\u00f3: 1004209881 Projekt azonos\u00edt\u00f3ja: 3345154083<\/p>\n\n\n\n<p>\u00d6nkorm\u00e1nyzatunk a Magyar Falu Program keret\u00e9ben meghirdetett \u00d6nkorm\u00e1nyzati temet\u0151k infrastruktur\u00e1lis fejleszt\u00e9se &#8211; 2022 c\u00edm\u0171, MFP-\u00d6TIF\/2022 k\u00f3dsz\u00e1m\u00fa p\u00e1ly\u00e1zati ki\u00edr\u00e1sra t\u00e1mogat\u00e1si k\u00e9relmet ny\u00fajtott be.<\/p>\n\n\n\n<p>A t\u00e1mogat\u00e1st elnyert\u00fck.<\/p>\n\n\n\n<p><strong>A vissza nem t\u00e9r\u00edtend\u0151 t\u00e1mogat\u00e1s \u00f6sszege 1 442&nbsp;796 Ft.<\/strong><\/p>\n\n\n\n<p>K\u00f6sz\u00f6nj\u00fck a Magyar \u00c1llamnak a t\u00e1mogat\u00e1st!<\/p>\n\n\n\n<p>A projekt c\u00edme: Kegyeleti h\u0171t\u0151 beszerz\u00e9se Bocsk\u00e1n<\/p>\n\n\n\n<p>Az \u00f6nkorm\u00e1nyzat nem rendelkezett nem az elhunytak megfelel\u0151 t\u00e1rol\u00e1s\u00e1ra alkalmas h\u0171t\u0151kamr\u00e1val, ez\u00e9rt az \u00f6nkorm\u00e1nyzat a projekt keretei k\u00f6z\u00f6tt beszerezett egy k\u00e9tszem\u00e9lyes, kopors\u00f3s t\u00e1rol\u00e1sra is alkalmas mobil halottas h\u0171t\u0151t.<\/p>\n\n\n\n<p>Ezzel egy jelent\u0151s temetni szolg\u00e1ltat\u00e1sb\u0151v\u00edt\u00e9s val\u00f3sult meg, ami m\u00e1r r\u00e9gi terve volt \u00f6nkorm\u00e1nyzatnak.<\/p>\n\n\n\n<p>Eddig az elhunytak megfelel\u0151, \u00e1tmeneti elhelyez\u00e9se nem volt megoldott, illetve t\u00f6bbletk\u00f6lts\u00e9get jelentett. Ezen okok miatt ny\u00fajtott be p\u00e1ly\u00e1zatot \u00f6nkorm\u00e1nyzatunk, melynek c\u00e9lja egy kegyeleti h\u0171t\u0151kamra beszerz\u00e9se volt.<\/p>\n\n\n\n<p>A kegyeleti h\u0171t\u0151t a Medi-Tervill Kft. sz\u00e1ll\u00edtotta \u00e9s \u00fczemelte be.<\/p>\n\n\n\n<p>A megval\u00f3s\u00edtott fejleszt\u00e9s tisztess\u00e9ges, minden szempontb\u00f3l alkalmas megold\u00e1st jelent elhunyt szeretteink ideiglenes elhelyez\u00e9s\u00e9re, miel\u0151tt v\u00e9gs\u0151 \u00fatjukra k\u00eds\u00e9rn\u00e9nk \u0151ket. A telep\u00fcl\u00e9si szolg\u00e1ltat\u00e1soknak egy fontos eleme a k\u00f6telez\u0151 \u00f6nkorm\u00e1nyzati feladat, a temet\u0151i szolg\u00e1ltat\u00e1s megfelel\u0151 minds\u00e9gben t\u00f6rt\u00e9n\u0151 megold\u00e1sa. A helyi lakosok r\u00e9sz\u00e9r\u0151l jogos elv\u00e1r\u00e1s volt, hogy a v\u00e9gtisztess\u00e9get m\u00e9lt\u00f3 k\u00f6r\u00fclm\u00e9nyek k\u00f6z\u00f6tt tudj\u00e1k a halottnak megadni, de ez sajnos a m\u00faltb\u00e9li infrastruktur\u00e1lis \u00e1llapotok mellett nem volt biztos\u00edtott. A fejleszt\u00e9ssel a telep\u00fcl\u00e9sen komplex m\u00f3don megold\u00e1sra ker\u00fclt a temet\u00e9si szolg\u00e1ltat\u00e1s alapinfrastrukt\u00far\u00e1ja.<\/p>\n\n\n\n<p>A projekt k\u00f6lts\u00e9gvet\u00e9s\u00e9be tartozott m\u00e9g a k\u00f6telez\u0151 nyilv\u00e1noss\u00e1g biztos\u00edt\u00e1sa, a p\u00e1ly\u00e1zat el\u0151k\u00e9sz\u00edt\u00e9se, illetve a projektmenedzsment tev\u00e9kenys\u00e9g.<\/p>\n\n\n\n<p><\/p>\n","protected":false},"excerpt":{"rendered":"<p>Iratazonos\u00edt\u00f3: 3365894264 T\u00e1mogatott: Bocska K\u00f6zs\u00e9g \u00d6nkorm\u00e1nyzata C\u00edm: 8776 Bocska, Bocskai Istv\u00e1n \u00fat 4. Ad\u00f3sz\u00e1m: 15436612-1-20 MFP azonos\u00edt\u00f3: 1004209881 Projekt azonos\u00edt\u00f3ja: 3345154083 \u00d6nkorm\u00e1nyzatunk a Magyar Falu Program keret\u00e9ben meghirdetett \u00d6nkorm\u00e1nyzati temet\u0151k infrastruktur\u00e1lis fejleszt\u00e9se &#8211; 2022 c\u00edm\u0171, MFP-\u00d6TIF\/2022 k\u00f3dsz\u00e1m\u00fa p\u00e1ly\u00e1zati ki\u00edr\u00e1sra t\u00e1mogat\u00e1si k\u00e9relmet ny\u00fajtott be. A t\u00e1mogat\u00e1st elnyert\u00fck. A vissza nem t\u00e9r\u00edtend\u0151 t\u00e1mogat\u00e1s \u00f6sszege 1 442&nbsp;796 Ft. [&hellip;]<\/p>\n","protected":false},"author":1,"featured_media":0,"parent":0,"menu_order":0,"comment_status":"closed","ping_status":"closed","template":"","meta":[],"_links":{"self":[{"href":"http:\/\/bocska.hu\/index.php?rest_route=\/wp\/v2\/pages\/69"}],"collection":[{"href":"http:\/\/bocska.hu\/index.php?rest_route=\/wp\/v2\/pages"}],"about":[{"href":"http:\/\/bocska.hu\/index.php?rest_route=\/wp\/v2\/types\/page"}],"author":[{"embeddable":true,"href":"http:\/\/bocska.hu\/index.php?rest_route=\/wp\/v2\/users\/1"}],"replies":[{"embeddable":true,"href":"http:\/\/bocska.hu\/index.php?rest_route=%2Fwp%2Fv2%2Fcomments&post=69"}],"version-history":[{"count":2,"href":"http:\/\/bocska.hu\/index.php?rest_route=\/wp\/v2\/pages\/69\/revisions"}],"predecessor-version":[{"id":72,"href":"http:\/\/bocska.hu\/index.php?rest_route=\/wp\/v2\/pages\/69\/revisions\/72"}],"wp:attachment":[{"href":"http:\/\/bocska.hu\/index.php?rest_route=%2Fwp%2Fv2%2Fmedia&parent=69"}],"curies":[{"name":"wp","href":"https:\/\/api.w.org\/{rel}","templated":true}]}}

TÁJÉKOZTATÓ TÁMOGATÁSRÓL

<div class="wp-block-image">
<figure class="aligncenter size-full is-resized"><a href="http://bocska.hu/wp-content/uploads/2021/04/image.png"><img loading="lazy" src="http://bocska.hu/wp-content/uploads/2021/04/image.png" alt="" class="wp-image-38" width="190" height="164"/></a></figure></div>


<p>Iratazonosító: 3365894264</p>



<p>Támogatott: Bocska Község Önkormányzata</p>



<p>Cím: 8776 Bocska, Bocskai István út 4.</p>



<p>Adószám: 15436612-1-20</p>



<p>MFP azonosító: 1004209881 Projekt azonosítója: 3345154083</p>



<p>Önkormányzatunk a Magyar Falu Program keretében meghirdetett Önkormányzati temetők infrastrukturális fejlesztése &#8211; 2022 című, MFP-ÖTIF/2022 kódszámú pályázati kiírásra támogatási kérelmet nyújtott be.</p>



<p>A támogatást elnyertük.</p>



<p><strong>A vissza nem térítendő támogatás összege 1 442&nbsp;796 Ft.</strong></p>



<p>Köszönjük a Magyar Államnak a támogatást!</p>



<p>A projekt címe: Kegyeleti hűtő beszerzése Bocskán</p>



<p>Az önkormányzat nem rendelkezett nem az elhunytak megfelelő tárolására alkalmas hűtőkamrával, ezért az önkormányzat a projekt keretei között beszerezett egy kétszemélyes, koporsós tárolásra is alkalmas mobil halottas hűtőt.</p>



<p>Ezzel egy jelentős temetni szolgáltatásbővítés valósult meg, ami már régi terve volt önkormányzatnak.</p>



<p>Eddig az elhunytak megfelelő, átmeneti elhelyezése nem volt megoldott, illetve többletköltséget jelentett. Ezen okok miatt nyújtott be pályázatot önkormányzatunk, melynek célja egy kegyeleti hűtőkamra beszerzése volt.</p>



<p>A kegyeleti hűtőt a Medi-Tervill Kft. szállította és üzemelte be.</p>



<p>A megvalósított fejlesztés tisztességes, minden szempontból alkalmas megoldást jelent elhunyt szeretteink ideiglenes elhelyezésére, mielőtt végső útjukra kísérnénk őket. A települési szolgáltatásoknak egy fontos eleme a kötelező önkormányzati feladat, a temetői szolgáltatás megfelelő mindségben történő megoldása. A helyi lakosok részéről jogos elvárás volt, hogy a végtisztességet méltó körülmények között tudják a halottnak megadni, de ez sajnos a múltbéli infrastrukturális állapotok mellett nem volt biztosított. A fejlesztéssel a településen komplex módon megoldásra került a temetési szolgáltatás alapinfrastruktúrája.</p>



<p>A projekt költségvetésébe tartozott még a kötelező nyilvánosság biztosítása, a pályázat előkészítése, illetve a projektmenedzsment tevékenység.</p>



<p></p>

<p>Iratazonosító: 3365894264 Támogatott: Bocska Község Önkormányzata Cím: 8776 Bocska, Bocskai István út 4. Adószám: 15436612-1-20 MFP azonosító: 1004209881 Projekt azonosítója: 3345154083 Önkormányzatunk a Magyar Falu Program keretében meghirdetett Önkormányzati temetők infrastrukturális fejlesztése &#8211; 2022 című, MFP-ÖTIF/2022 kódszámú pályázati kiírásra támogatási kérelmet nyújtott be. A támogatást elnyertük. A vissza nem térítendő támogatás összege 1 442&nbsp;796 Ft. [&hellip;]</p>
