{"id":7,"date":"2014-06-30T09:24:57","date_gmt":"2014-06-30T09:24:57","guid":{"rendered":"http:\/\/bocska.hu\/?page_id=7"},"modified":"2014-06-30T09:39:21","modified_gmt":"2014-06-30T09:39:21","slug":"telepulesunk-tortenete","status":"publish","type":"page","link":"http:\/\/bocska.hu\/?page_id=7","title":{"rendered":"T\u00f6rt\u00e9net"},"content":{"rendered":"<p>Bocska Zala megye d\u00e9li r\u00e9sz\u00e9n, a Nagykanizsa \u2013 Zalaegerszeg fel\u00e9 vezet\u0151 74-es f\u0151\u00fat ment\u00e9n \u00a0tal\u00e1lhat\u00f3, Nagykanizs\u00e1t\u00f3l 14 kilom\u00e9terre \u00e9szakra.<\/p>\n<p>Bocska egy dombvonulatra \u00e9s annak t\u00f6v\u00e9be \u00e9p\u00fclt, egyik oldalr\u00f3l sz\u0151l\u0151vel futtatott dombok \u00e9s erd\u0151k hat\u00e1rolj\u00e1k, m\u00e1sik oldalr\u00f3l sz\u00e1nt\u00f3k, kertek soksz\u00edn\u0171s\u00e9g\u00e9t p\u00e1szt\u00e1zhatja a szem.<\/p>\n<p>A telep\u00fcl\u00e9s k\u00e9pe szab\u00e1lytalan, k\u00e9t patak folyik \u00e1t rajta, hat\u00e1ra dombos \u2013 hegyes.\u00a0 Nyugati fel\u00e9n van Deszics falur\u00e9sz, amely a t\u00f6r\u00f6k id\u0151ben elpusztult falu eml\u00e9k\u00e9t \u0151rzi.\u00a0 Kor\u00e1bbi h\u00e9toszt\u00e1lyos iskol\u00e1j\u00e1t Klebersberg Kun\u00f3 kultuszminiszters\u00e9ge idej\u00e9n \u00e9p\u00edtett\u00e9k. 1926-ban az akkori miniszter megreform\u00e1lta az als\u00f3fok\u00fa oktat\u00e1st, ennek keret\u00e9n bel\u00fcl minden kor\u00e1bbin\u00e1l nagyobb, kb. 5000 objektumot l\u00e9trehoz\u00f3 n\u00e9piskola\u00e9p\u00edt\u00e9si akci\u00f3t szervezett. Ennek egyik m\u00e9g l\u00e9tez\u0151 tan\u00faja a rossz \u00e1llapot\u00fa \u00e9p\u00fclet, mely az \u00d6nkorm\u00e1nyzat tervei szerint \u00faj funkci\u00f3t kapna: itt lenne a falu k\u00f6z\u00f6ss\u00e9gi h\u00e1za.<br \/>\nA Bocska k\u00f6zeli hangulatos erd\u0151k j\u00f3 kir\u00e1ndul\u00e1si lehet\u0151s\u00e9get ny\u00fajtanak. Itt tal\u00e1lhat\u00f3 a megye legmagasabb pontja, a 283 m\u00e9ter magas Isten dombja.<br \/>\nK\u00f6zleked\u00e9s<\/p>\n<p>A telep\u00fcl\u00e9st \u00e9szak-d\u00e9li ir\u00e1nyban a 74-es f\u0151\u00fat szeli \u00e1t, amely \u00f6sszek\u00f6ttetet\u00e9st jelent a megye k\u00e9t legfontosabb v\u00e1ros\u00e1val: Zalaegerszeggel \u00e9s a k\u00f6zeli Nagykanizs\u00e1val. Erre az \u00fatra mer\u0151legesen \u00e1ll a falu egy m\u00e1sik jellegzetes \u00fatja, amely eg\u00e9szen a Sz\u0151l\u0151hegyig tart.<\/p>\n<p>A k\u00f6zs\u00e9get sok aut\u00f3buszj\u00e1rat \u00e9rinti. Els\u0151sorban a Zalaegerszeg \u00e9s Nagykanizsa k\u00f6z\u00f6tti helyk\u00f6zi j\u00e1ratok \u00e1llnak meg a telep\u00fcl\u00e9sen, de t\u00e1vols\u00e1gi j\u00e1ratok is sz\u00e9p sz\u00e1mban \u00e9rintik a k\u00f6zs\u00e9get. \u00d6sszek\u00f6ttet\u00e9sben \u00e1ll Kaposv\u00e1rral, P\u00e9ccsel, Sopronnal, Szegeddel \u00e9s Szombathellyel is.<\/p>\n<p>T\u00f6rt\u00e9nete<\/p>\n<p>A telep\u00fcl\u00e9s els\u0151 eml\u00edt\u00e9se 1459-b\u0151l val\u00f3 Bocsita, majd 1465-ben Bochyta n\u00e9ven. 1600 ut\u00e1n, Kanizsa v\u00e1r\u00e1nak elfoglal\u00e1s\u00e1t k\u00f6vet\u0151en a telep\u00fcl\u00e9s a t\u00f6r\u00f6k hat\u00e1rra ker\u00fclt, ami egyet jelentett a megsz\u0171n\u00e9ssel. A telep\u00fcl\u00e9s 1687-ben lett ism\u00e9t magyar k\u00e9zen. 1720-ban m\u00e1r mint Bocska ismeretes a falu.<br \/>\nA XVIII. sz\u00e1zad k\u00f6zep\u00e9n ugr\u00e1sszer\u0171 fejl\u0151d\u00e9snek indult.<br \/>\nA XIX. sz\u00e1zad nagy vas\u00fat\u00e9p\u00edt\u00e9si l\u00e1za elker\u00fclte a telep\u00fcl\u00e9st, Magyarszerdahelyen \u00e9p\u00fclt meg egy vas\u00fati f\u0151vonal 1865-ben. A telep\u00fcl\u00e9s \u00e9let\u00e9ben az els\u0151 l\u00f6k\u00e9st a 74-es \u00fat ki\u00e9p\u00fcl\u00e9se jelentette, amely Hossz\u00fav\u00f6lgyn\u00e9l nyugatra fordul, \u00edgy \u00e9rintheti a k\u00f6zs\u00e9get. A j\u00f3 infrastrukt\u00fara azonban csak az 1990-es \u00e9vek v\u00e9g\u00e9n \u00e9reztette a hat\u00e1s\u00e1t, amikor is a telep\u00fcl\u00e9s kisebb fejl\u0151d\u00e9sbe kezdett.<\/p>\n<p>\u201eBocsk\u00e1ban \/Deszics\/ szint\u00e9n a zalav\u00e1ri ap\u00e1ts\u00e1gnak vannak birtokai. 1360 febr. 16-\u00e1n kelt adom\u00e1nylev\u00e9l \u00e9rtelm\u00e9ben J\u00e1nos mester Deszicsben lev\u0151 k\u00fari\u00e1j\u00e1t \u00e9s a foly\u00f3n lev\u0151 malm\u00e1t sz\u0151l\u0151hegyekkel egy\u00fctt, amely Szent M\u00e1rton egyh\u00e1z\u00e1nak adom\u00e1nyoztatott, szint\u00e9n meger\u0151s\u00edti \u00e9s egyh\u00e1z\u00e1nak adom\u00e1nyozza. K\u00fcl\u00f6nben e helyen v\u00e1r is volt \u00e9s templom, amelyeknek romjai m\u00e9g a XVIII. sz\u00e1zad k\u00f6zep\u00e9n is l\u00e1that\u00f3k voltak.\u201d forr\u00e1s: A Veszpr\u00e9mi Egyh\u00e1zmegye M\u00faltj\u00e1b\u00f3l: Pl\u00e9b\u00e1ni\u00e1k t\u00f6rt\u00e9nete \u2013 Zalaszentbal\u00e1zs \u00edrta: Kiss Istv\u00e1n h. esperes pl\u00e9b\u00e1nos \/1935\/<\/p>\n<p>\u201eA XVI. sz. m\u00e1sodik fel\u00e9ben rohamosan k\u00f6zeledett a t\u00f6r\u00f6k veszedelem Zala megye fel\u00e9. 1587-ben Zalaszentbal\u00e1zs hat\u00e1r\u00e1ban, Kacorlak k\u00f6zs\u00e9g alatt \u00e1ll a t\u00f6r\u00f6k. Kanizsa v\u00e1r\u00e1nak eleste ut\u00e1n a k\u00f6rny\u00e9kre teljes s\u00faly\u00e1val r\u00e1szakad a t\u00f6r\u00f6k uralom. A rabl\u00e1s \u00e9s fosztogat\u00e1s mindennaposs\u00e1 v\u00e1lt. A t\u00f6r\u00f6k\u00f6k mindent feld\u00faltak, az embereket a kanizsai v\u00e1rhoz munk\u00e1ra hajtott\u00e1k, a templomokat lerombolt\u00e1k, alkalmas anyagukat a v\u00e1r er\u0151s\u00edt\u00e9s\u00e9re felhaszn\u00e1lt\u00e1k. Az egykori magas mez\u0151gazdas\u00e1gi kult\u00fara elt\u0171nt. Az emberek kipusztul\u00e1s\u00e1t k\u00f6vette a talaj vadonn\u00e1 v\u00e1ltoz\u00e1sa. Kanizsa 1690-ben felszabadult a t\u00f6r\u00f6k megsz\u00e1ll\u00e1s al\u00f3l, ezzel egy\u00fctt felszabadult az eg\u00e9sz vid\u00e9k. Bocska Deszics v\u00e1r\u00e1val a t\u00f6r\u00f6k d\u00fal\u00e1s \u00e1ldozat\u00e1v\u00e1 v\u00e1lt. Egy 1748-b\u00f3l sz\u00e1rmaz\u00f3 \u00f6ssze\u00edr\u00e1s szerint Bocsk\u00e1ban mind\u00f6ssze 15 csal\u00e1d lakott.<\/p>\n<p>\u00cdme, ezt tanult\u00e1k a gyermekek r\u00e9gen a falu t\u00f6rt\u00e9net\u00e9r\u0151l:<\/p>\n<p>A r\u00e9gi feljegyz\u00e9sek szerint Bocska k\u00f6zs\u00e9g gazdag volt term\u00e9szeti sz\u00e9ps\u00e9gekben. T\u00f6bb foly\u00f3 folyt a hat\u00e1r\u00e1ban, melyek v\u00edzimalmokat hajtottak. Ilyen volt a Deszics foly\u00f3, amelyr\u0151l a falu \u0151si r\u00e9sze a nev\u00e9t kapta. A foly\u00f3nak ma m\u00e1r csak az eml\u00e9ke \u00e9l. Egy 1360-b\u00f3l megmaradt \u00edr\u00e1sb\u00f3l tudjuk, hogy Bocsk\u00e1ban v\u00e1r \u00e9s templom is volt, romjait 200 \u00e9vvel ezel\u0151ttig l\u00e1tni lehetett.<\/p>\n<p>Bocska k\u00f6zs\u00e9g Zala megy\u00e9ben, a nagykanizsai kist\u00e9rs\u00e9gben.<br \/>\nC\u00edmere \u00e1ll\u00f3 cs\u00fccsk\u00f6stalp\u00fa pajzs, melyet has\u00edt\u00e1s \u00e9s a pajzstalpban v\u00e1g\u00e1s oszt h\u00e1rom mez\u0151re.<br \/>\nEls\u0151 k\u00e9k mezej\u00e9nek z\u00f6ld halm\u00e1n term\u00e9szetes (barna) t\u00f6rzs\u0171 z\u00f6ld lombozat\u00fa fa magaslik. T\u00f6v\u00e9ben jobbr\u00f3l term\u00e9szetes (barna) sz\u00edn\u0171 eketaliga helyezkedik el. A m\u00e1sodik z\u00f6ld mez\u0151ben stiliz\u00e1lt egytorny\u00fa arany templom\u00e9p\u00fclet lebeg fekete kapu \u00e9s ablakny\u00edl\u00e1sokkal. Aranycserepes tet\u0151zete f\u00f6l\u00f6tt a torony cs\u00facs\u00e1n arany latin kereszt.<br \/>\nA pajzstalp arany mezej\u00e9ben k\u00e9t p\u00e1rhuzamos, hull\u00e1mos k\u00e9k szalag fut. A pajzs fels\u0151 \u00e9le felett, annak sz\u00e9less\u00e9g\u00e9ben fekete bet\u0171kkel a \u201eBOCSKA\u201d felirat jelenik meg.<\/p>\n","protected":false},"excerpt":{"rendered":"<p>Bocska Zala megye d\u00e9li r\u00e9sz\u00e9n, a Nagykanizsa \u2013 Zalaegerszeg fel\u00e9 vezet\u0151 74-es f\u0151\u00fat ment\u00e9n \u00a0tal\u00e1lhat\u00f3, Nagykanizs\u00e1t\u00f3l 14 kilom\u00e9terre \u00e9szakra. Bocska egy dombvonulatra \u00e9s annak t\u00f6v\u00e9be \u00e9p\u00fclt, egyik oldalr\u00f3l sz\u0151l\u0151vel futtatott dombok \u00e9s erd\u0151k hat\u00e1rolj\u00e1k, m\u00e1sik oldalr\u00f3l sz\u00e1nt\u00f3k, kertek soksz\u00edn\u0171s\u00e9g\u00e9t p\u00e1szt\u00e1zhatja a szem. A telep\u00fcl\u00e9s k\u00e9pe szab\u00e1lytalan, k\u00e9t patak folyik \u00e1t rajta, hat\u00e1ra dombos \u2013 hegyes.\u00a0 [&hellip;]<\/p>\n","protected":false},"author":1,"featured_media":0,"parent":0,"menu_order":0,"comment_status":"open","ping_status":"open","template":"","meta":[],"_links":{"self":[{"href":"http:\/\/bocska.hu\/index.php?rest_route=\/wp\/v2\/pages\/7"}],"collection":[{"href":"http:\/\/bocska.hu\/index.php?rest_route=\/wp\/v2\/pages"}],"about":[{"href":"http:\/\/bocska.hu\/index.php?rest_route=\/wp\/v2\/types\/page"}],"author":[{"embeddable":true,"href":"http:\/\/bocska.hu\/index.php?rest_route=\/wp\/v2\/users\/1"}],"replies":[{"embeddable":true,"href":"http:\/\/bocska.hu\/index.php?rest_route=%2Fwp%2Fv2%2Fcomments&post=7"}],"version-history":[{"count":3,"href":"http:\/\/bocska.hu\/index.php?rest_route=\/wp\/v2\/pages\/7\/revisions"}],"predecessor-version":[{"id":10,"href":"http:\/\/bocska.hu\/index.php?rest_route=\/wp\/v2\/pages\/7\/revisions\/10"}],"wp:attachment":[{"href":"http:\/\/bocska.hu\/index.php?rest_route=%2Fwp%2Fv2%2Fmedia&parent=7"}],"curies":[{"name":"wp","href":"https:\/\/api.w.org\/{rel}","templated":true}]}}

Történet

<p>Bocska Zala megye déli részén, a Nagykanizsa – Zalaegerszeg felé vezető 74-es főút mentén  található, Nagykanizsától 14 kilométerre északra.</p>
<p>Bocska egy dombvonulatra és annak tövébe épült, egyik oldalról szőlővel futtatott dombok és erdők határolják, másik oldalról szántók, kertek sokszínűségét pásztázhatja a szem.</p>
<p>A település képe szabálytalan, két patak folyik át rajta, határa dombos – hegyes.  Nyugati felén van Deszics falurész, amely a török időben elpusztult falu emlékét őrzi.  Korábbi hétosztályos iskoláját Klebersberg Kunó kultuszminisztersége idején építették. 1926-ban az akkori miniszter megreformálta az alsófokú oktatást, ennek keretén belül minden korábbinál nagyobb, kb. 5000 objektumot létrehozó népiskolaépítési akciót szervezett. Ennek egyik még létező tanúja a rossz állapotú épület, mely az Önkormányzat tervei szerint új funkciót kapna: itt lenne a falu közösségi háza.<br />
A Bocska közeli hangulatos erdők jó kirándulási lehetőséget nyújtanak. Itt található a megye legmagasabb pontja, a 283 méter magas Isten dombja.<br />
Közlekedés</p>
<p>A települést észak-déli irányban a 74-es főút szeli át, amely összeköttetetést jelent a megye két legfontosabb városával: Zalaegerszeggel és a közeli Nagykanizsával. Erre az útra merőlegesen áll a falu egy másik jellegzetes útja, amely egészen a Szőlőhegyig tart.</p>
<p>A községet sok autóbuszjárat érinti. Elsősorban a Zalaegerszeg és Nagykanizsa közötti helyközi járatok állnak meg a településen, de távolsági járatok is szép számban érintik a községet. Összeköttetésben áll Kaposvárral, Péccsel, Sopronnal, Szegeddel és Szombathellyel is.</p>
<p>Története</p>
<p>A település első említése 1459-ből való Bocsita, majd 1465-ben Bochyta néven. 1600 után, Kanizsa várának elfoglalását követően a település a török határra került, ami egyet jelentett a megszűnéssel. A település 1687-ben lett ismét magyar kézen. 1720-ban már mint Bocska ismeretes a falu.<br />
A XVIII. század közepén ugrásszerű fejlődésnek indult.<br />
A XIX. század nagy vasútépítési láza elkerülte a települést, Magyarszerdahelyen épült meg egy vasúti fővonal 1865-ben. A település életében az első lökést a 74-es út kiépülése jelentette, amely Hosszúvölgynél nyugatra fordul, így érintheti a községet. A jó infrastruktúra azonban csak az 1990-es évek végén éreztette a hatását, amikor is a település kisebb fejlődésbe kezdett.</p>
<p>„Bocskában /Deszics/ szintén a zalavári apátságnak vannak birtokai. 1360 febr. 16-án kelt adománylevél értelmében János mester Deszicsben levő kúriáját és a folyón levő malmát szőlőhegyekkel együtt, amely Szent Márton egyházának adományoztatott, szintén megerősíti és egyházának adományozza. Különben e helyen vár is volt és templom, amelyeknek romjai még a XVIII. század közepén is láthatók voltak.” forrás: A Veszprémi Egyházmegye Múltjából: Plébániák története – Zalaszentbalázs írta: Kiss István h. esperes plébános /1935/</p>
<p>„A XVI. sz. második felében rohamosan közeledett a török veszedelem Zala megye felé. 1587-ben Zalaszentbalázs határában, Kacorlak község alatt áll a török. Kanizsa várának eleste után a környékre teljes súlyával rászakad a török uralom. A rablás és fosztogatás mindennapossá vált. A törökök mindent feldúltak, az embereket a kanizsai várhoz munkára hajtották, a templomokat lerombolták, alkalmas anyagukat a vár erősítésére felhasználták. Az egykori magas mezőgazdasági kultúra eltűnt. Az emberek kipusztulását követte a talaj vadonná változása. Kanizsa 1690-ben felszabadult a török megszállás alól, ezzel együtt felszabadult az egész vidék. Bocska Deszics várával a török dúlás áldozatává vált. Egy 1748-ból származó összeírás szerint Bocskában mindössze 15 család lakott.</p>
<p>Íme, ezt tanulták a gyermekek régen a falu történetéről:</p>
<p>A régi feljegyzések szerint Bocska község gazdag volt természeti szépségekben. Több folyó folyt a határában, melyek vízimalmokat hajtottak. Ilyen volt a Deszics folyó, amelyről a falu ősi része a nevét kapta. A folyónak ma már csak az emléke él. Egy 1360-ból megmaradt írásból tudjuk, hogy Bocskában vár és templom is volt, romjait 200 évvel ezelőttig látni lehetett.</p>
<p>Bocska község Zala megyében, a nagykanizsai kistérségben.<br />
Címere álló csücsköstalpú pajzs, melyet hasítás és a pajzstalpban vágás oszt három mezőre.<br />
Első kék mezejének zöld halmán természetes (barna) törzsű zöld lombozatú fa magaslik. Tövében jobbról természetes (barna) színű eketaliga helyezkedik el. A második zöld mezőben stilizált egytornyú arany templomépület lebeg fekete kapu és ablaknyílásokkal. Aranycserepes tetőzete fölött a torony csúcsán arany latin kereszt.<br />
A pajzstalp arany mezejében két párhuzamos, hullámos kék szalag fut. A pajzs felső éle felett, annak szélességében fekete betűkkel a „BOCSKA” felirat jelenik meg.</p>

<p>Bocska Zala megye déli részén, a Nagykanizsa – Zalaegerszeg felé vezető 74-es főút mentén  található, Nagykanizsától 14 kilométerre északra. Bocska egy dombvonulatra és annak tövébe épült, egyik oldalról szőlővel futtatott dombok és erdők határolják, másik oldalról szántók, kertek sokszínűségét pásztázhatja a szem. A település képe szabálytalan, két patak folyik át rajta, határa dombos – hegyes.  [&hellip;]</p>
